uate (114 - -19) + -15 + 23 + -6 - 15.
120
What is the value of -977 - -1020 - (61 - -1)?
-19
-1803 + 1663 + (38 - (-1 - 7))
-94
What is the value of 22 + -29 + 21 + -2 + -34 + 27 - -99?
104
(-36 - -81) + -11 + -15 + 29
48
Evaluate (7 - (39 + 0)) + 6 + 7 + (-19 - -6).
-32
Evaluate -235 + 111 - -105 - 11.
-30
What is the value of 23 + -6 + (24 + -28 - 1) + 11 + 0?
23
111 + 191 + -323 + (75 - 1)
53
What is (-1 - -72 - 74) + (3 + -1 - -60)?
59
What is -5 + 49 + -12 - (2 + 15)?
15
51 + 5 + ((45 - 43) + (10 - 2) - 17)
49
Evaluate 94 + -51 + 55 + -21.
77
What is the value of -115 - (-58 + 4 + -2)?
-59
Calculate -36 + 45 + -12 - 65.
-68
-9 + -1 + (3 + 71 - (94 + -89))
59
Calculate -1 + -2 + (14 - (-11 + 37)) + 80.
65
Calculate 13 + ((-10 - -7) + 9 - -4).
23
What is -2 + -86 + (168 - (110 + 53))?
-83
What is the value of -1 + -2 + 24 + 65 + -81 - -6?
11
Calculate (-22 - (-19 + (-24 - -15))) + 6 + (4 - 7).
9
Evaluate 10 + 2 + (-757 - -754).
9
1 + -100 + (3 + -21 - (-190 - -159)) - 7
-93
What is 40 + -32 - ((-5 + (-1 - -7) - -109) + -4)?
-98
-2 + -19 + 9 + (-17 - -2 - 22)
-49
Calculate 35 - (3 - 5) - 51.
-14
Calculate -102 - 17 - (92 - 144).
-67
What is -10 + 9 - (39 - (-19 - 23))?
-82
-52 + (-104 - -173) - (1 + 3)
13
What is the value of (2 + -8 - -6 - 3 - -5) + -13?
-11
Calculate 82 - (11 + 1 + -30 + 18 + 6 - 14).
90
Calculate -19 - (-9 - (-10 + 6)) - (7 - -1).
-22
What is -61 + (50 + 31 - 68)?
-48
Calculate -33 + (4 - -2) + 2 + -16 + -37 + 54.
-24
(-83 - -88) + (36 - 69)
-28
Evaluate -21 + 8 + 9 + (-5 + 3 - -6).
0
13 - (61 - 105) - 22
35
Evaluate 9 + -5 + (5 - 46 - 9).
-46
What is 10 + -75 + 90 + (6 - (-2 + 0))?
33
Calculate -76 + -81 + 204 + -101.
-54
What is -33 - 4 - (-130 + 41)?
52
Calculate -6 + (3 - (-25 + 53 + -34)).
3
Evaluate 3 - (-62 + -17 + 128).
-46
Calculate (-2 - -51) + (35 - 17) + -20.
47
What is the value of 38 + (-11 - -8 - ((3 - 5) + -3))?
40
Calculate 106 - (19 + 6 + 1 + 124 + -133).
89
-81 + (11 - (18 - 8)) + -13
-93
(-11 - -1) + (68 - (67 - 11))
2
What is (-83 - -67) + (-2 - 0) + -7 + 142?
117
Calculate (2 + -6 - (30 - 12)) + 46.
24
Calculate (-13 - ((-9 - 16) + 15)) + -40.
-43
What is (-1479 - -1537) + (-12 - 2)?
44
111 - (19 - (18 - 10) - -23)
77
Calculate (-6 - (1 - 4)) + (63 - 57).
3
What is the value of -19 - (41 + -81 + -8)?
29
3 + (-21 + 23 - (0 + -10) - 0)
15
Evaluate (42 - (4 + 22)) + -10.
6
What is the value of -48 - -110 - 40 - -39?
61
Calculate -8 + (2 - (-6 - 0)) + (25 - 40).
-15
What is -38 + -1 + (-310 + 157 - -153)?
-39
What is the value of (74 - -22) + (192 - 317)?
-29
(22 + -20 - 67) + 7 + 6 + 0
-52
What is 26 - (-1345 - -1299 - (-24 + 0))?
48
Calculate (3 - 5) + 4 + (3 - -5) - 64.
-54
What is (57 - 3) + -39 + -12?
3
(9 - -1 - 20 - -7) + 2 + (0 - 12)
-13
Calculate (4 - 0 - (-3 - -6)) + (-20 - (-85 + 71)).
-5
Evaluate -48 + (133 - 89) + -1 + -49 + -2.
-56
What is the value of 5 - (-50 + 88 + -50)?
17
What is the value of (-17 - -43) + -10 + -30?
-14
Calculate 2 - (3 - -6) - (-37 + 30) - (10 + -5).
-5
74 + -32 + 19 + -39
22
(8 + -14 - 31) + 51 + -30 + -42
-58
What is -4 + -25 + 41 + (2 + 1 - -1)?
16
What is -5 + -29 + (-41 - -37 - -113)?
75
What is -68 + (-7 - ((-14 - -3) + (17 - 5))) + -3?
-79
What is the value of 76 + (74 - 161) - 15?
-26
Evaluate (11 - -3) + -55 + 50.
9
-35 + (77 - 43) + (-4 - 58)
-63
What is 50 + -1 + (-2 - 2) + 24 + -30 + 13?
52
Calculate (-38 - -22) + 12 + 1 + 8 - 82.
-77
What is the value of 18 - (-2 + 9 + 16 + -21)?
16
-55 - (-22 - 36) - -23
26
Evaluate 146 - (76 - 82) - 106.
46
Calculate 21 - (222 + -111) - -24.
-66
Calculate -66 + 49 + 55 - (2 - 2 - -6).
32
Calculate 58 - (-7 - (-22 + 36 - 42)).
37
What is the value of (2684 - 2690) + (0 - (2 - ((0 - 4) + -27)))?
-39
Evaluate -47 - (-38 + -16 + -3).
10
-93 - (-56 + 1 + 2)
-40
Calculate 7 + -27 - -54 - (47 - 1) - (0 - -80).
-92
(0 - (-7 - 2)) + (-149 - 1) + (-2799 - -2825)
-115
Evaluate -10 - (10 + -8 + 8 + -50 - (10 + -9)).
31
(60 - -57) + -32 + (-35 - -58)
108
Evaluate -2 - -10 - (30 - 33 - (-65 - -1)) - 2.
-55
Calculate 72 - (34 - -45) - ((7 - 3 - 3) + -30).
22
(33 - 73) + (18 - -1)
-21
What is -38 + 23 + -9 + 10 - -15 - (-1 + 8)?
-6
Calculate -50 + 14 + 9 - (144 - 145).
-26
What is the value of 33 + (-15 - -7 - 1) + (6 - -18)?
48
What is the value of (-2 - -5) + (9 - (-3 - -8)) - (-67 - -47)?
27
-9 + 57 + -10 + -30 - (-1 + -23)
32
What is -20 + -43 - (-568 - -408)?
97
What is the value of 77 + (64 - 105) + -15?
21
41 + (-56 + 28 - -20) + -19
14
5 - ((3 - 6) + 20 + 6)
-18
-33 + (-3 - -24 - (-3 + 17)) + -8
-34
What is -4 + 1 + -174 + 172 + 3 + 3 + 50?
51
What is the value of 5 - ((4 - (-14 + (-1 - -5))) + -12)?
3
Calculate -7 - (-1 + 0 + 62 + -14 + (-3 - -1)).
-52
What is the value of -33 + 0 - (-632 + 592)?
7
Evaluate -249 + 237 + (-20 - (6 + -9)).
-29
Evaluate 90 + (6 + 26 - 31 - 43).
48
(-89 - 31) + -10 - -86
-44
Calculate 13 + 16 + -11 + (14 + -19 - -56).
69
-42 - (-4 - -1) - (3 + -7 + -10 + 8)
-33
What is the value of 1 - (0 - -7) - (-14 + -19 + (14 - -14))?
-1
Evaluate (-23 - -27) + -8 + 0 + 4 + -39.
-39
Evaluate -35 + (11 + -16 - -56).
16
Calculate (-40 - -3 - 2) + (-9 - -3 - -4).
-41
Evaluate -4 + -31 - -25 - 60.
-70
What is the value of -6 - -9 - ((5 - (-8 - -3)) + (-36 - -37))?
-8
Calculate -84 - (-85 - (89 + -124)).
-34
-26 - (-4 - (-81 - (-26 - -1)))
-78
(-81 - -65) + 63 - -40
87
What is the value of (55 - 43) + 3 - -78?
93
Calculate -115 + 130 - (-72 + -4 + 4).
87
What is the value of 5 - (-30 + (15 - (-9 + 19) - -7))?
23
What is (-54 - -2) + -2 - (29 + -6 - (-12 - -47))?
-42
Evaluate -30 + -55 + 26 + 6 - 11.
-64
What is the value of (-29 - -35) + (2 - 4)?
4
(-13 - (-2 - 1) - (8 - (-14 + 8))) + -6
-30
What is -132 + 36 + (-124 - -164)?
-56
What is the value of 95 + (-146 - -43) + 53?
45
What is the value of 49 - (41 + (-43 - (-6 + -40 - -25)))?
30
Calculate 98 + -406 + 296 + -33 + 0.
-45
What is the value of (-1 - 10) + -271 + 181 - -20?
-81
What is -12 + (-10 - 12) + 23 + 1 + 0 + -11?
-21
What is the value of 39 + (16 - (-41 - -71) - -4)?
29
Calculate (20 + -13 - -4) + (7 - 6) + 1 - -13.
26
Calculate -2 + (-58 + 71 - (17 - 2)).
-4
What is 302 + -386 + (-2 - -58)?
-28
Evaluate 4 + -59 + (17 - 2) + 9.
-31
252 + -248 + (-2 - 97) - 31
-126
What is the value of -107 - (-66 - 75 - 5)?
39
What is (-46 - -68) + -13 + (16 - 15)?
10
What is the value of (2 - (217 + -103)) + 154?
42
30 - (-132 + 11 - -277)
-126
Evaluate 110 + -205 + 93 + 17.
15
31 + (32 - (-1 - (29 + -65)))
28
What is the value of -47 + 15 + -2 - ((11 - -2 - 19) + 4)?
-32
What is the value of 58 + -39 + -96 + 123?
46
-22 + -53 + -47 + 107
-15
Evaluate -576 + 573 - (2 + -2 + 12) - -6.
-9
What is (45 - (-2 - 0)) + 472 + -607?
-88
Calculate 91 + (85 - 141) + -32.
3
What is (-53 - 0 - (5 + (-7 - (-11 + 18)))) + -5?
-49
10 + -49 + 16 - (3 - (-7 + 7 + 4))
-22
-94 - (3 + -32 - (-57 - (-109 + 59)))
-72
What is (2 - (-42 + -2)) + (34 + -20 - -4) + -17?
47
What is the value of 28 + 42 - (-2 + 4 - -12)?
56
Calculate -42 + 18 + -14 + (36 - 38).
-40
What is -77 - (-9 - (-6 - (-11 - -16)) - (12 + -13))?
-80
-55 + (116 - (-40 + 36))
65
Calculate 92 + -33 + 46 + -4 + (-6 - -6) + 6.
107
(-101 - -131) + (2 - ((-10 - 0 - -5) + 2))
35
What is the value of -109 + 103 - (3 - (-54 + 9))?
-54
What is 45 - (-12 + (23 + -7 - -25))?
16
-47 + 60 + -14 - (-1 + 8)
-8
Calculate (-6 - -1) + 86 + (-21 - 2).
58
What is 4 - (-2 + -11 + 30) - (13 - 59)?
33
Evaluate -20 + 1 + 2 + (60 - -5).
48
(46 - (5 - -3)) + (17 - 26) - 0
29
Evaluate -31 - ((-18 - -4) + 6).
-23
21 - 4 - (-268 + 256)
29
Evaluate (9 - (-38 + 16 + -35 + 75)) + 18.
9
Calculate (-153 - (-151 - 1)) + (3 + -1 - 58).
-57
What is the value of -107 + (-30 - (-39 - (13 - -27)))?
-58
What is (55 - 22 - 16) + 4 + -26 + -71?
-76
43 - -12 - (12 - (-4 - 0))
39
What is the value of (-46 + -94 - -101) + 43?
4
Evaluate 3 + (-21 - 1) + (400 - 393).
-12
What is -92 + 33 + 51 + 15 + 1?
8
What is (-40 - (21 + -6)) + 47?
-8
Evaluate -37 + -207 + 199 + -25 + 0.
-70
Evaluate -11 - (-3 + 12 - (2 + 40)).
22
What is the value of (25 - 61) + -4 + 17?
-23
What is (14 - 9) + 9 + (-10 - (12 + -50))?
42
What is -11 + 4 + (13 - (-1 - -6)) + (-4 - -72)?
69
What is -18 - (-1 - -3) - ((0 - -11) + -17)?
-14
Evaluate (12 - -6 - 4) + (-54 + 24 - 11).
-27
-115 + 194 - 8